7?
383
Calculate the remainder when 79125 is divided by 26348.
81
What is the remainder when 352563 is divided by 55?
13
Calculate the remainder when 40780 is divided by 340.
320
Calculate the remainder when 944 is divided by 180.
44
Calculate the remainder when 1940 is divided by 72.
68
Calculate the remainder when 726333 is divided by 117.
114
What is the remainder when 2235 is divided by 156?
51
What is the remainder when 51661 is divided by 25811?
39
What is the remainder when 852 is divided by 779?
73
What is the remainder when 5033 is divided by 1006?
3
Calculate the remainder when 62442 is divided by 639.
459
What is the remainder when 11277 is divided by 4693?
1891
Calculate the remainder when 6438 is divided by 27.
12
What is the remainder when 849 is divided by 18?
3
Calculate the remainder when 2389 is divided by 586.
45
What is the remainder when 13373 is divided by 373?
318
Calculate the remainder when 67877 is divided by 8.
5
What is the remainder when 6750 is divided by 100?
50
Calculate the remainder when 6856 is divided by 1163.
1041
What is the remainder when 30959 is divided by 18?
17
What is the remainder when 70211 is divided by 141?
134
Calculate the remainder when 217728 is divided by 239.
238
Calculate the remainder when 870479 is divided by 317.
314
What is the remainder when 1498 is divided by 743?
12
What is the remainder when 386094 is divided by 195?
189
Calculate the remainder when 399054 is divided by 18.
12
Calculate the remainder when 70419 is divided by 11734.
15
What is the remainder when 1080 is divided by 59?
18
Calculate the remainder when 108 is divided by 10.
8
Calculate the remainder when 1339 is divided by 654.
31
Calculate the remainder when 367867 is divided by 47.
45
What is the remainder when 9780 is divided by 159?
81
Calculate the remainder when 58876 is divided by 66.
4
What is the remainder when 211475 is divided by 1107?
38
Calculate the remainder when 9385 is divided by 9382.
3
Calculate the remainder when 5001 is divided by 117.
87
Calculate the remainder when 885947 is divided by 19.
15
Calculate the remainder when 65347 is divided by 871.
22
Calculate the remainder when 27840 is divided by 11.
10
What is the remainder when 18617 is divided by 58?
57
Calculate the remainder when 788457 is divided by 1020.
1017
Calculate the remainder when 1091 is divided by 87.
47
Calculate the remainder when 165431 is divided by 704.
695
What is the remainder when 121861 is divided by 8?
5
What is the remainder when 6313 is divided by 25?
13
Calculate the remainder when 2225646 is divided by 556410.
6
Calculate the remainder when 617261 is divided by 99.
95
What is the remainder when 498 is divided by 212?
74
What is the remainder when 76022 is divided by 1267?
2
Calculate the remainder when 44511 is divided by 29.
25
Calculate the remainder when 1917 is divided by 618.
63
Calculate the remainder when 232855 is divided by 197.
1
What is the remainder when 147777 is divided by 49257?
6
Calculate the remainder when 10300 is divided by 2572.
12
What is the remainder when 206339 is divided by 507?
497
What is the remainder when 11036 is divided by 380?
16
What is the remainder when 1311 is divided by 356?
243
Calculate the remainder when 2830 is divided by 4.
2
Calculate the remainder when 118716 is divided by 56.
52
Calculate the remainder when 5737 is divided by 318.
13
Calculate the remainder when 159064 is divided by 52997.
73
Calculate the remainder when 757550 is divided by 1284.
1274
What is the remainder when 8363 is divided by 4179?
5
Calculate the remainder when 20762 is divided by 3457.
20
What is the remainder when 1037 is divided by 986?
51
What is the remainder when 1962616 is divided by 166?
164
Calculate the remainder when 52074 is divided by 814.
792
Calculate the remainder when 353 is divided by 180.
173
Calculate the remainder when 145209 is divided by 3457.
15
Calculate the remainder when 337 is divided by 21.
1
Calculate the remainder when 2499 is divided by 222.
57
Calculate the remainder when 70597 is divided by 233.
231
What is the remainder when 380607 is divided by 167?
14
Calculate the remainder when 1033 is divided by 502.
29
What is the remainder when 2863130 is divided by 524?
518
What is the remainder when 57901 is divided by 277?
8
What is the remainder when 51004 is divided by 2830?
64
Calculate the remainder when 24280 is divided by 176.
168
What is the remainder when 9877 is divided by 122?
117
What is the remainder when 9753 is divided by 45?
33
What is the remainder when 21928 is divided by 106?
92
What is the remainder when 3571582 is divided by 10?
2
What is the remainder when 661 is divided by 81?
13
Calculate the remainder when 200898 is divided by 87.
15
What is the remainder when 795 is divided by 755?
40
What is the remainder when 2426 is divided by 368?
218
Calculate the remainder when 212 is divided by 67.
11
Calculate the remainder when 28372 is divided by 3546.
4
What is the remainder when 70338 is divided by 5860?
18
Calculate the remainder when 1694693 is divided by 35.
28
Calculate the remainder when 4111 is divided by 1021.
27
Calculate the remainder when 192 is divided by 46.
8
What is the remainder when 88577 is divided by 18?
17
Calculate the remainder when 423 is divided by 47.
0
What is the remainder when 70790 is divided by 681?
647
What is the remainder when 3229 is divided by 400?
29
Calculate the remainder when 81156 is divided by 27.
21
What is the remainder when 1191 is divided by 692?
499
What is the remainder when 75344 is divided by 5381?
10
What is the remainder when 2993 is divided by 149?
13
What is the remainder when 532 is divided by 3?
1
What is the remainder when 2974734 is divided by 16?
14
What is the remainder when 174963 is divided by 610?
503
Calculate the remainder when 17905 is divided by 497.
13
Calculate the remainder when 2485 is divided by 1022.
441
Calculate the remainder when 12457 is divided by 201.
196
What is the remainder when 151309 is divided by 7?
4
Calculate the remainder when 53925 is divided by 392.
221
What is the remainder when 129356 is divided by 165?
161
What is the remainder when 1924 is divided by 594?
142
What is the remainder when 2401 is divided by 760?
121
Calculate the remainder when 8866 is divided by 874.
126
Calculate the remainder when 453 is divided by 165.
123
What is the remainder when 6979855 is divided by 299?
298
Calculate the remainder when 260756 is divided by 43458.
8
Calculate the remainder when 799 is divided by 66.
7
What is the remainder when 75249 is divided by 495?
9
Calculate the remainder when 4584 is divided by 270.
264
Calculate the remainder when 49790 is divided by 272.
14
Calculate the remainder when 4051 is divided by 2014.
23
What is the remainder when 26667 is divided by 13318?
31
Calculate the remainder when 511879 is divided by 14.
11
What is the remainder when 11125 is divided by 218?
7
Calculate the remainder when 10231 is divided by 601.
14
What is the remainder when 985262 is divided by 152?
150
What is the remainder when 96518 is divided by 32116?
170
Calculate the remainder when 167085 is divided by 59.
56
What is the remainder when 292911 is divided by 1479?
69
Calculate the remainder when 13959 is divided by 1163.
3
Calculate the remainder when 3823 is divided by 1871.
81
Calculate the remainder when 17776 is divided by 613.
612
Calculate the remainder when 869791 is divided by 32.
31
Calculate the remainder when 8552 is divided by 90.
2
Calculate the remainder when 41860 is divided by 102.
40
Calculate the remainder when 28409 is divided by 592.
585
What is the remainder when 1190 is divided by 80?
70
What is the remainder when 22316 is divided by 186?
182
What is the remainder when 59369 is divided by 95?
89
Calculate the remainder when 664844 is divided by 127.
126
Calculate the remainder when 6700 is divided by 2215.
55
What is the remainder when 809 is divided by 414?
395
Calculate the remainder when 748 is divided by 42.
34
What is the remainder when 189418 is divided by 53?
49
Calculate the remainder when 15963 is divided by 7977.
9
What is the remainder when 5777 is divided by 200?
177
What is the remainder when 119149 is divided by 23749?
404
What is t